uppose 0*o - o = -5*g + 7, -5*o + 4*g + 7 = 0. List the prime factors of w(o).
7
Suppose -2*d = -0*d - 30. Let s = 11 + d. List the prime factors of s.
2, 13
Suppose 3*h + 4 = 10. What are the prime factors of (h - 2) + (-3)/(-1)?
3
Let o = 41 + -24. List the prime factors of o.
17
Let a(t) = t**3 + t**2 - 3*t + 4. List the prime factors of a(4).
2, 3
Let i(b) = 13*b. List the prime factors of i(3).
3, 13
Let u be (0 - 2) + 5 + 4. List the prime factors of 1/(-2)*(-70)/u.
5
Suppose -l - 39 = -2*w, 4*l - 4*w - w = -150. Let q = -25 - l. Let y = -8 + q. List the prime factors of y.
2
Let b(h) = -2 - 6 + 7 - h**2 - 2*h - 13*h**3. What are the prime factors of b(-1)?
13
Let v be (12/10)/(6/40). What are the prime factors of (45/2)/(6/v)?
2, 3, 5
Let p = 3 - 1. Let i(s) = 2*s - 6. Let x be i(4). Suppose h - p*h = -v - 1, x*h + 5*v = 30. What are the prime factors of h?
5
Let w(x) = -x + 13. Let p be w(10). Suppose t = p*t - 70. List the prime factors of t.
5, 7
Suppose -52*l = -48*l - 1448. What are the prime factors of l?
2, 181
Suppose 582 = 4*c - 82. What are the prime factors of c?
2, 83
Suppose 4*w = -2*j + 26, -2*j + 26 = 4*w - w. List the prime factors of j.
13
Suppose -5*f + 292 - 77 = 0. List the prime factors of f.
43
Suppose 3*i + b - 1011 = 0, i - 333 = 4*b - 3*b. List the prime factors of i.
2, 3, 7
Let i(u) be the first derivative of -4*u**2 + 6*u + 1/3*u**3 - 3. List the prime factors of i(8).
2, 3
List the prime factors of (-8)/(11/(121/(-2))).
2, 11
Let i be (3 + -6)*(-2)/3. Suppose -i*k + 180 = 2*k. List the prime factors of k.
3, 5
Let o = -6 - -10. Suppose o - 12 = -2*z. Suppose 5*u - 21 = -3*y, 1 + 5 = 3*u + z*y. What are the prime factors of u?
2, 3
Suppose -16 = a - 61. List the prime factors of a.
3, 5
Let b(z) = -z**3 + 9*z**2 - 10*z + 1. Let i be b(7). Let g = -18 + i. Let y = g + -7. List the prime factors of y.
2
What are the prime factors of 4 + (-5 - -20) - (0 - -1)?
2, 3
Let n = 65 + -33. Suppose 0 = 2*x - 4*x + n. What are the prime factors of x?
2
Suppose 0*v + 3*v = 12, -i + 5*v + 9 = 0. What are the prime factors of i?
29
Let p = 87 - -77. What are the prime factors of p?
2, 41
Let j = 55 + -38. List the prime factors of j.
17
Suppose 2*c + 2*c + 8 = 0. Let y = 5 + c. List the prime factors of y.
3
Let z be (6*1)/(-2) - 2. Let p(g) = g + 9. Let i be p(z). Suppose -2*l = -i*a - 12 - 28, 5*l + 5*a - 25 = 0. List the prime factors of l.
2, 5
Let h(z) = z**3 - 5*z**2 + 4*z + 2. Let p be h(4). Let r be p/(3/(-90)*-3). Let l = -10 + r. What are the prime factors of l?
2, 5
Suppose -24 + 30 = j. Let v(n) = n**2 - 5*n + 9. List the prime factors of v(j).
3, 5
Suppose -5*c + 133 = -0*c - 4*p, 3*c - 65 = -5*p. Suppose -3*b - 75 = 4*m, -m - 167 = 5*b - c. Let t = -13 - b. List the prime factors of t.
2
Let j be 13/5 - (-20)/50. Suppose 2*z = -j*z + 80. What are the prime factors of z?
2
Suppose 4*b = 3*x - 17, 6*b - 1 = 3*b + 5*x. What are the prime factors of b/12 - 80/(-3)?
2, 13
Let w(g) = g + 7. Let y be w(-9). Let o = y - -4. List the prime factors of o.
2
Let i(j) = 13*j**2 + j - 1. What are the prime factors of i(-2)?
7
Suppose -5*g + 5*k = 50, -4*g - k - 36 = -6*k. Let c = g - -43. What are the prime factors of c?
29
Let w(v) = 2 + 3 - 2*v + 3*v + v. Let z be w(-5). Let s = z - -18. What are the prime factors of s?
13
Let a = -7 - -10. Suppose a*m - 5 - 25 = 0. What are the prime factors of m?
2, 5
Suppose 5*w - 168 = 137. Let g = w - 28. List the prime factors of g.
3, 11
Let q = 3 + 3. What are the prime factors of ((-4)/q)/(8/(-36))?
3
Suppose -y - 14 = l, -y - y - 18 = -3*l. List the prime factors of ((-3)/1)/1 - y.
3
Let b be 2/(-3) + (-8)/6. Let z = b + 5. Suppose -s - z + 15 = 0. List the prime factors of s.
2, 3
Let x(t) = 5*t**2 - 3*t - 5. List the prime factors of x(-2).
3, 7
Let d(y) be the third derivative of y**6/120 - y**5/10 - 5*y**4/24 - 5*y**3/6 - y**2. Let w be (-6 - 1)*-1*2/2. What are the prime factors of d(w)?
3
Suppose 2*u = 4*i + 8, 5*i - 2*u = 2*i - 4. Let z be (1 - -2) + i - -2. What are the prime factors of (5 - z) + 2 - -1?
7
Let o be (2 - 5/4)*8. Suppose -5*z = 3*t - 14, 0 = -7*z + 2*z + t + 22. Let i = z + o. What are the prime factors of i?
2, 5
Let g(k) = k**2 - 14*k - 2. Let r be g(14). Let p(w) = 9*w**2 - w. What are the prime factors of p(r)?
2, 19
Let c = 1 + 2. Suppose -c*p = 5*j + 8, 8*j - 3*j = 2*p + 22. List the prime factors of (-44)/p + (-3)/9.
7
Let m(u) = u**2 - 8*u + 6. Let p be m(5). Let a = p - -15. Let y = a + 4. What are the prime factors of y?
2, 5
Let l = -63 + 10. Let w be l + 2 + (-4 - -1). What are the prime factors of (-150)/w - 4/(-18)?
3
Let g(a) = 11*a**2 - 3*a - 1. List the prime factors of g(-3).
107
Let g(w) = -12*w**2 + 5*w + 4. Let n(k) = -37*k**2 + 14*k + 11. Let s(t) = 8*g(t) - 3*n(t). List the prime factors of s(-1).
2
Suppose -5*s + 7 = 2. List the prime factors of (((-135)/(-3))/3)/s.
3, 5
Suppose -2*n + 0*n - 12 = 0. Let q(p) = -p**3 - 6*p**2 - 5*p + 2. Let k be q(n). Suppose 0 = -2*v - 2*v + k. List the prime factors of v.
2
Suppose 471 = 10*r - 1059. What are the prime factors of r?
3, 17
What are the prime factors of (48 + -4 + 3)/1?
47
Suppose -3*p = -4*u - 2*p + 39, -4*p + 15 = 3*u. Let s = u - 6. What are the prime factors of s?
3
Let k(r) = -r**2 - 5*r - 2. What are the prime factors of k(-1)?
2
What are the prime factors of (-2445)/(-30)*(1 + 1)?
163
Let j = -153 + 220. What are the prime factors of j?
67
Suppose -6 = -2*q - q. Suppose 0 = 3*l - u - 76 + 4, -55 = -q*l + 3*u. What are the prime factors of l?
23
Suppose -3*q - 32 = 2*p - 4, 3*p = 12. Let h be 14/21 - 8/(-6). List the prime factors of (11/h)/((-6)/q).
11
Let c(s) = -s + 4. Let u be c(3). Let h(n) = 7*n**2 - 1. List the prime factors of h(u).
2, 3
Suppose 0 = -2*l - 1 + 13. Suppose -l*f = -f - 130. What are the prime factors of f?
2, 13
Let b = 79 - 31. List the prime factors of b.
2, 3
Let x = 28 - 17. Let a = x + 1. List the prime factors of a.
2, 3
Let m(i) = i + 8. Let f be m(0). Suppose -5*z = -f*z + 54. What are the prime factors of z?
2, 3
Let j be 6 + 2 - -1*2. Let y be (1/2)/((-1)/j). Let i(h) = h**2 + 2*h - 3. What are the prime factors of i(y)?
2, 3
Suppose 2*a - a = 2*p - 22, -a + p - 17 = 0. Let x = 6 + a. What are the prime factors of x/4*(-24)/9?
2
Let g = 2 - 4. What are the prime factors of g - (-12)/((-6)/(-2))?
2
Suppose -a = a - 18. What are the prime factors of a?
3
Let m = -1 + 1. Suppose 26 = 5*p + r, -23 = -4*p - m*p - 3*r. Suppose 0 = -3*z - 5*b + 36, z - p*z - 4*b + 40 = 0. What are the prime factors of z?
7
Let x be (-13)/2 - (-1)/2. Let v = x + 5. Let f(w) = 10*w**2 - w - 1. List the prime factors of f(v).
2, 5
Suppose -2*n + 4 = 3*m - 0*m, -5*n + 33 = -4*m. Let d be m - -1 - (-3 - 1). List the prime factors of -3*d/(27/(-30)).
2, 5
Suppose -10 = -4*h + 2*h. Suppose 62 = 5*j + a - 4*a, -2*a = -2. Suppose -j + 3 = -h*l. What are the prime factors of l?
2
Let k(r) = r + 5. Let t be k(-5). Let j = t + 1. List the prime factors of (-8)/(-3) + j/3.
3
Suppose -5*s - 75 = -4*a + 192, 4*s + 138 = 2*a. What are the prime factors of a?
3, 7
Suppose -3*r - d - 2*d + 18 = 0, 10 = 5*d. Suppose -3*o + 9*i = r*i - 11, 0 = 2*o + 5*i - 49. Let z = o - 6. List the prime factors of z.
2, 3
Let p(u) = -u**2 + 7*u - 6. Suppose t - 4*t = -12. What are the prime factors of p(t)?
2, 3
Let z(l) = l**3 + 22. What are the prime factors of z(0)?
2, 11
Let r(s) = -s + 4. Suppose 0 = 4*z - x + 8, 0*z + 4*z + 2*x + 20 = 0. List the prime factors of r(z).
7
Let k be (1 + 2 + -2)*0. Suppose -4*s = -3*w - 23, 10*s - 5*s - 5*w - 30 = k. Suppose 3*m + 5*y - 63 + 11 = 0, -80 = -s*m - 5*y. List the prime factors of m.
2, 7
Let k = -12 - -15. What are the prime factors of ((-7)/k)/((-6)/18)?
7
Let b = 59 + 14. What are the prime factors of b?
73
Let b(n) = n - 2. Let l be b(4). Let c(p) = -p - 2. Let o be c(-6). Suppose 0 = -o*a - 0*z - 5*z + 8, 0 = 2*a + 3*z - l. What are the prime factors of a?
7
Let k be -3 + 3/((-3)/(-10)). Suppose -3*m = -k*m + 16. Suppose 0 = o - m - 2. What are the prime factors of o?
2, 3
Let y be (-43)/(-5) + (-2)/(-5). Let o = 19 - y. What are the prime factors of (-4)/(-8)*o/1?
5
Let c = -35 - -21. Let y be 12/7 - 4/c. Suppose 3*m - 4 + 1 = 0, 3*d - 31 = y*m